 = m - h. List the prime factors of w.
2, 5, 11
Let x(a) = 167*a**2 + 254*a - 79. What are the prime factors of x(10)?
3, 2129
Let z = -1775 + 1012. Let n = 26 + -24. List the prime factors of z/(-7) + 1 + n.
2, 7
Let f(j) = -2*j + 54. Let d be f(0). Suppose -45 = -3*k - 5*p + p, 3*k + p - d = 0. Let o = 28 - k. List the prime factors of o.
3
Let g(d) = 2*d - 4. Let a be g(4). Let m be (-26)/143 - 112/(-11). Suppose a*v + 522 = m*v. List the prime factors of v.
3, 29
Suppose -456*h + 158*h = 228*h - 22290302. List the prime factors of h.
31, 1367
Let n(s) be the first derivative of -11*s**3/3 + 3*s**2/2 - 36*s + 32. Let r(p) be the first derivative of n(p). What are the prime factors of r(-11)?
5, 7
Let z = -3306 - -28765. What are the prime factors of z?
7, 3637
Let c(b) = -b + 11. Suppose -11 = -10*f + 49. Let a be c(f). What are the prime factors of 1/a + (-1198)/20*-2?
2, 3, 5
Let w be (-5 - -248)*(-6)/(-9). Suppose w*j - 171*j = -5292. List the prime factors of j.
2, 3, 7
Let d(h) = 62*h - 34. Let t be d(4). Let n = t - 174. List the prime factors of n.
2, 5
What are the prime factors of (1/2 - (-112946)/(-20))*(-20 + 15)?
2, 19, 743
Let d(j) = -j**3 + 18*j**2 - 32*j - 71. Let s be d(19). List the prime factors of (s/(-6))/(92/414).
2, 3, 5, 13
Let g = 3466 - -12272. List the prime factors of g.
2, 3, 43, 61
Let b(a) be the second derivative of a**4/12 + 38*a. Let j(d) = d**3 - 12*d**2 + 11*d - 17. Let w(z) = b(z) - j(z). List the prime factors of w(6).
7, 29
Let i(k) = -254*k + 74. Let f be i(5). Let y = -231 - f. List the prime factors of y.
5, 193
Suppose -4*o - 168 + 188 = 0. Let k(s) = -7*s**2 + 10*s - 19. Let c(w) = w**2 + 1. Let y(x) = 6*c(x) + k(x). List the prime factors of y(o).
2, 3
Let d(s) = s**3 + 29*s**2 - 53*s - 368. List the prime factors of d(-20).
2, 29, 37
Let h(a) = -3*a**3 + 3*a - 7. Let c be h(-3). Suppose c = -7*n - 19. What are the prime factors of (-80)/n*1/4*30?
2, 5
Suppose 7969 = 5*o - 11441. Suppose -9*d = -o - 4416. What are the prime factors of d?
2, 461
Let b = -57 + 60. Let q(x) = -1 - b + 2 + 8*x - 1. List the prime factors of q(5).
37
Let t(c) = c**3 + 13*c**2 + 12*c + 18. Let p be t(-12). Suppose 1026 = 5*r + 3*n, -3*r + p*n - 17*n = -624. List the prime factors of r.
3, 23
Let p = 17110 + -24770. List the prime factors of ((-2)/(-8))/((-5)/p).
383
Let f(g) = -23 + 17*g - 3*g + 70 - 34. Let x = 8 - 0. What are the prime factors of f(x)?
5
Suppose -4*a + 2*b + 550 = 0, -32 - 93 = -a + 3*b. List the prime factors of a.
2, 5, 7
Let f = 3134 - 1873. List the prime factors of f.
13, 97
Suppose 164*p - 760452 = 32*p. List the prime factors of p.
7, 823
Let j(p) = 1460*p**3 - 50*p**2 + 254*p + 8. List the prime factors of j(4).
2, 2927
Let s = -87135 - -126136. What are the prime factors of s?
43, 907
Let a(b) = 1560*b + 3560. What are the prime factors of a(4)?
2, 5, 7
Let r = -123806 + 175909. What are the prime factors of r?
52103
Suppose 2*w = 27*v - 25*v - 3846, v + 5*w - 1893 = 0. List the prime factors of v.
2, 7, 137
Let k be (-7 + (-226)/4)*-30. Let a = -871 + k. List the prime factors of a.
2, 11, 47
Let j be 1/((-10)/12)*5. Suppose 66*q - 1756 - 26 = 0. List the prime factors of (-4 - q/j)*276.
2, 3, 23
Suppose 5*q - 2*n = -n + 39171, -3*n = 3. What are the prime factors of q?
2, 3917
Let b(x) = 2*x**3 + 9*x**2 + 5*x + 7. Let p be b(-4). Let z(k) = 3*k**3 - 3*k**2 - 17 - 4*k**3 + 0*k**p + 5*k - 4*k**2. What are the prime factors of z(-9)?
2, 5
Let p(d) = d**3 - 2*d**2 - 2*d + 2. Suppose 13*a - 8 = 5*a. Let g be p(a). What are the prime factors of ((-3)/(-3) - 116)*g?
5, 23
What are the prime factors of (-821380)/(-30) - 50/150?
11, 19, 131
Let x = -60 - -201. Let z = x - 105. List the prime factors of z.
2, 3
Let w(c) = 849*c**2 + 3*c - 3. Let q = 137 + -136. What are the prime factors of w(q)?
3, 283
Suppose -2*x = 3*q + 1458, 975 + 969 = -4*q + 3*x. Let c = -299 - q. What are the prime factors of c?
11, 17
List the prime factors of -2 + 0 - (-32571 - 34 - 5).
2, 1019
Let w be 10/(-3)*(-306)/85. Suppose w*h = 252 + 1080. What are the prime factors of h?
3, 37
Suppose -2*l = 5*o - 19, -5*l - 4*o + o = -19. Suppose 3*q - 160 = -5*k + 968, 448 = l*k - 2*q. What are the prime factors of k?
3, 5
Let j be (15/10 - 1) + 11/2. Suppose j*o = 1799 + 493. What are the prime factors of o?
2, 191
Let d = 6605 + 9092. List the prime factors of d.
11, 1427
Let k(p) be the third derivative of p**6/360 - p**5/30 + p**4/24 + p**3 + 30*p**2. Let o(i) be the first derivative of k(i). List the prime factors of o(-9).
2, 59
Let y = 25 - 23. Suppose 2*x - 2*u - 10 = 0, -13 = x + y*u + 3*u. Suppose 2*d + x*o = 90, -5*d - 4*o + 7 = -221. List the prime factors of d.
2, 3
Let d = 13738 - 7511. List the prime factors of d.
13, 479
Suppose -12*v + 20927 = -11*v - 5*x, -5*v + x = -104563. List the prime factors of v.
2, 1307
Let f(j) = -9*j - 81. Let x be f(-9). Let v be (x - -30)/((-66)/44). What are the prime factors of 15/v*-134 + 2/(-4)?
2, 5
Let o = -59 - 91. Let h = 36 + o. Let z = h + 220. What are the prime factors of z?
2, 53
Suppose 12107 = 3*y - 4*p, -y - 95*p + 4049 = -99*p. Suppose 963 = 6*q - y. What are the prime factors of q?
2, 13
List the prime factors of (-2 - 35232/24)*(-11)/3.
2, 5, 7, 11
Suppose 3*f - 10*f = -308. Let h = -44 + f. Suppose -5*u + j + 0*j + 365 = h, -5*u + 375 = j. List the prime factors of u.
2, 37
Let y(w) = w**2 + 2*w - 31. Let o be y(-14). Let p = o - -161. What are the prime factors of p?
2, 149
Let k = -692 - -387. Let l = k + 604. List the prime factors of l.
13, 23
Suppose 14400 = -9*v + 15*v. Suppose 2*o = 2*p - v, -7*p - 3*o + 2380 = -5*p. List the prime factors of p.
2, 13, 23
List the prime factors of (-8)/(-6)*(1 - (-124665)/30).
2, 17, 163
List the prime factors of 36756/(-15)*3160/(-237).
2, 1021
Suppose -33*r + 32*r = -2. Suppose 5*c = 4*j - 7*j + 820, r*j = 2*c - 328. List the prime factors of c.
2, 41
Let g(t) = -11*t**3 - 2*t**2 + 30*t + 24. List the prime factors of g(-6).
2, 3, 179
Let u = -18 - 173. Let m = u + 226. What are the prime factors of m?
5, 7
Let v(w) = 165*w**2 - 1638*w + 45. List the prime factors of v(18).
3, 17, 157
List the prime factors of (-8)/6 + (-2912072)/(-411).
2, 7, 11, 23
Suppose 0 = -52*p + 47266 + 105458. List the prime factors of p.
3, 11, 89
Suppose 7*q = 154 + 105. Let j = 43 - q. Suppose -9*f + 249 = -j*f. List the prime factors of f.
83
Let z = 174 + -173. Let y(r) = 408*r + 6. What are the prime factors of y(z)?
2, 3, 23
What are the prime factors of 3317888/115 - 19 - 2/10?
2, 17, 53
Let p = -20 - -57. Suppose p*a - 38*a + 231 = 0. List the prime factors of a.
3, 7, 11
Suppose 3*z - 41573 - 41897 = 2*n, -z = -n - 27821. What are the prime factors of z?
2, 3, 773
Let v = -42 - -46. Suppose v = -9*s + 5*s. List the prime factors of (4 + 226/4)/(s/(-2)).
11
Suppose -2*q + 2*j + 2*j + 1622 = 0, j + 1637 = 2*q. Let h = q - 368. List the prime factors of h.
3, 151
List the prime factors of (110/88 + -2)/(9/(-237156)).
19763
Suppose 33*u - 2*d = 29*u - 608, -4*u + 5*d - 620 = 0. Let q be 1/((-3321)/(-831) + -4). Let o = u - q. What are the prime factors of o?
127
Suppose 7763 = 8*f - 5461. Suppose f = 8*n - 1259. What are the prime factors of n?
2, 7, 13
Let t = 42 + 3881. List the prime factors of t.
3923
Let h(l) = 16*l**2 - 73*l + 44. Let c be h(24). Suppose 30*v = 1132 + c. List the prime factors of v.
2, 3
Suppose 4*h - 3*p = 90700, 2*p + 3 + 5 = 0. Suppose -134*g = -121*g - h. What are the prime factors of g?
2, 109
Let t be 24*8/(-24)*(1 + -3). Suppose 5*q - 6*q = -2, -2*q - t = -5*n. Suppose 0 = n*s + 203 - 755. List the prime factors of s.
2, 3, 23
Suppose -39*s + 197284 = -595586. List the prime factors of s.
2, 5, 19, 107
Suppose -5*i + 40369 = 2*m, 164*m - 163*m - 7 = 0. What are the prime factors of i?
7, 1153
List the prime factors of (12296/3)/((-5)/4*84/(-315)).
2, 29, 53
Let s be 90/72 - (-22)/8. Suppose j = -4*k + 68, -4*j - s*k + 5 + 279 = 0. What are the prime factors of j?
2, 3
Suppose 2*p - 2*w - 1180 = 0, 0 = -133*w + 130*w + 9. What are the prime factors of p?
593
Let x = -4219 + 13882. What are the prime factors of x?
3, 3221
Let i be 4 - (3 - 1130*5/10). Let o = -313 + i. What are the prime factors of o?
11, 23